{"id":81982,"date":"2022-06-30T18:08:35","date_gmt":"2022-06-30T16:08:35","guid":{"rendered":"https:\/\/www.chiesadimilano.it\/pgfom\/?page_id=81982"},"modified":"2024-01-25T15:58:47","modified_gmt":"2024-01-25T14:58:47","slug":"catechesi-giovani-2022-2023","status":"publish","type":"page","link":"https:\/\/www.chiesadimilano.it\/pgfom\/catechesi-giovani-2022-2023","title":{"rendered":"Catechesi giovani 2022-2023"},"content":{"rendered":"<div><div class=\"grid site-section \" ><div class=\"grid-col-8 Apertura-2\" ><article class=\"widget-teaser teaser with-eyelet\" role=\"article\" data-hint=\"teaser\"><a class=\"teaser-image\" href=\"https:\/\/www.chiesadimilano.it\/pgfom\/giovani\/servizio-giovani\/pubblicazioni-documenti\/proposta-di-catechesi\/parola-pane-e-poveri-un-metodo-per-unesperienza-giovanile-autenticamente-cristiana-81961.html\" title=\"Parola, pane e poveri: un metodo per un&#8217;esperienza giovanile autenticamente cristiana\"><span class=\"occhiello has-image\" style=\"display:none;position:absolute;bottom:0;left:0;\">Catechesi giovani 2022-2023<\/span> <img data-formato=\"\" alt=\"GMG - Croce\" src=\"https:\/\/www.chiesadimilano.it\/pgfom\/files\/2022\/07\/GMG-Croce.jpg\"  width=\"800\" height=\"600\"  \/><\/a><div class=\"teaser-content\"><span class=\"teaser-eyelet\">Catechesi giovani 2022-2023<\/span><h1 class=\"teaser-title\"><a href=\"https:\/\/www.chiesadimilano.it\/pgfom\/giovani\/servizio-giovani\/pubblicazioni-documenti\/proposta-di-catechesi\/parola-pane-e-poveri-un-metodo-per-unesperienza-giovanile-autenticamente-cristiana-81961.html\" title=\"Parola, pane e poveri: un metodo per un&#8217;esperienza giovanile autenticamente cristiana\">Parola, pane e poveri: un metodo per un&#8217;esperienza giovanile autenticamente cristiana<\/a><\/h1>\n    <p class=\"teaser-summary\">Anche nel corso di questo anno pastorale, che pone in primissimo piano l'esperienza della preghiera e della vita spirituale e che ci condurr\u00e0 a Lisbona per incontrare Papa Francesco in occasione della Giornata...<\/p>\n    <\/div><\/article><\/div><div class=\"grid-col-4 Apertura_due-1\" >\n        <article class=\"teaser\" role=\"article\">\n            <a class=\"teaser-image\" href=\"https:\/\/www.chiesadimilano.it\/pgfom\/giovani\/servizio-giovani\/pubblicazioni-documenti\/proposta-di-catechesi\/parola-per-una-lectio-divina-sul-tema-della-corsa-82180.html\" title=\"Parola: per una Lectio divina sul tema della &#8220;corsa&#8221;\">\n              <img alt=\"Parola - Bibbia\" src=\"https:\/\/www.chiesadimilano.it\/pgfom\/files\/2022\/06\/Parola-Bibbia.jpg\"  width=\"800\" height=\"600\"  \/>\n            <\/a><div class=\"teaser-content\">\n        \t<span class=\"teaser-eyelet\">Parola (Catechesi giovani 2022-2023)<\/span>\n            <h1 class=\"teaser-title\"><a href=\"https:\/\/www.chiesadimilano.it\/pgfom\/giovani\/servizio-giovani\/pubblicazioni-documenti\/proposta-di-catechesi\/parola-per-una-lectio-divina-sul-tema-della-corsa-82180.html\" title=\"Parola: per una Lectio divina sul tema della &#8220;corsa&#8221;\">Parola: per una Lectio divina sul tema della &#8220;corsa&#8221;<\/a><\/h1>\n            <p class=\"teaser-summary\">Accostandosi alla Parola, i giovani imparano a conoscere Ges\u00f9: prendendo spunto dal tema della GMG di Lisbona (Maria si alz\u00f2 e and\u00f2 in fretta \u2013 Lc 1,39), per ogni tempo liturgico proponiamo loro ...<\/p>\n            <\/div>\n        <\/article>\n            <\/div><\/div><div class=\"grid site-section \" ><div class=\"grid-col-6 PgFom-11\" >\n        <article class=\"teaser\" role=\"article\">\n            <a class=\"teaser-image\" href=\"https:\/\/www.chiesadimilano.it\/pgfom\/giovani\/servizio-giovani\/pubblicazioni-documenti\/proposta-di-catechesi\/pane-preghiera-e-sacramenti-82186.html\" title=\"Pane: preghiera e sacramenti\">\n              <img alt=\"Giovani - adorazione eucaristica (3)\" src=\"https:\/\/www.chiesadimilano.it\/pgfom\/files\/2022\/07\/Giovani-adorazione-eucaristica-3.jpg\"  width=\"800\" height=\"600\"  \/>\n            <\/a><div class=\"teaser-content\">\n        \t<span class=\"teaser-eyelet\">Pane (Catechesi giovani 2022-2023)<\/span>\n            <h1 class=\"teaser-title\"><a href=\"https:\/\/www.chiesadimilano.it\/pgfom\/giovani\/servizio-giovani\/pubblicazioni-documenti\/proposta-di-catechesi\/pane-preghiera-e-sacramenti-82186.html\" title=\"Pane: preghiera e sacramenti\">Pane: preghiera e sacramenti<\/a><\/h1>\n            <p class=\"teaser-summary\">Invitiamo i gruppi giovanili a partecipare lungo l'anno ad incontri di preghiera silenziosa davanti all'Eucaristia: per questo motivo durante ogni tempo liturgico sar\u00e0 possibile scaricare testi per l...<\/p>\n            <\/div>\n        <\/article>\n            <\/div><div class=\"grid-col-6 PgFom-11\" >\n        <article class=\"teaser\" role=\"article\">\n            <a class=\"teaser-image\" href=\"https:\/\/www.chiesadimilano.it\/pgfom\/giovani\/servizio-giovani\/pubblicazioni-documenti\/proposta-di-catechesi\/poveri-pagine-di-spiritualita-della-carita-82195.html\" title=\"Poveri: pagine di spiritualit\u00e0 della Carit\u00e0\">\n              <img alt=\"Carit\u00e0 - solidariet\u00e0\" src=\"https:\/\/www.chiesadimilano.it\/pgfom\/files\/2022\/06\/Carita-solidarieta.jpg\"  width=\"800\" height=\"600\"  \/>\n            <\/a><div class=\"teaser-content\">\n        \t<span class=\"teaser-eyelet\">Poveri (catechesi giovani 2022-2023)<\/span>\n            <h1 class=\"teaser-title\"><a href=\"https:\/\/www.chiesadimilano.it\/pgfom\/giovani\/servizio-giovani\/pubblicazioni-documenti\/proposta-di-catechesi\/poveri-pagine-di-spiritualita-della-carita-82195.html\" title=\"Poveri: pagine di spiritualit\u00e0 della Carit\u00e0\">Poveri: pagine di spiritualit\u00e0 della Carit\u00e0<\/a><\/h1>\n            <p class=\"teaser-summary\">Durante l'anno pastorale renderemo disponibili testi di spiritualit\u00e0 della Carit\u00e0 utili per tenere viva nei giovani una sensibilit\u00e0 verso i pi\u00f9 poveri, i pi\u00f9 bisognosi ed i pi\u00f9 piccoli: la fede ...<\/p>\n            <\/div>\n        <\/article>\n            <\/div><\/div><div class=\"grid site-section \" ><div class=\"grid-col-12 PgFom-10\" >\n        <article class=\"teaser\" role=\"article\">\n            <a class=\"teaser-image\" href=\"https:\/\/www.chiesadimilano.it\/pgfom\/senza-categoria\/approfondimenti-tematici-2-82781.html\" title=\"Approfondimenti tematici\">\n              <img alt=\"Giovani - gruppo\" src=\"https:\/\/www.chiesadimilano.it\/pgfom\/files\/2017\/06\/Giovani-gruppo-1.jpg\"  width=\"800\" height=\"600\"  \/>\n            <\/a><div class=\"teaser-content\">\n        \t<span class=\"teaser-eyelet\">Approfondimenti (Catechesi giovani 2022-2023)<\/span>\n            <h1 class=\"teaser-title\"><a href=\"https:\/\/www.chiesadimilano.it\/pgfom\/senza-categoria\/approfondimenti-tematici-2-82781.html\" title=\"Approfondimenti tematici\">Approfondimenti tematici<\/a><\/h1>\n            <p class=\"teaser-summary\">Offriamo alcuni approfondimenti su alcune tematiche per aiutare i giovani ad essere testimoni credibili della propria fede in alcuni ambiti cruciali della vita.<\/p>\n            <\/div>\n        <\/article>\n            <\/div><\/div><div class=\"grid site-section \" ><div class=\"grid-col-6 teaser-special PgFom-8\" >    <\/div><div class=\"grid-col-6 PgFom-9\" >    <\/div><\/div><\/div>","protected":false},"excerpt":{"rendered":"<p>Catechesi giovani 2022-2023 Catechesi giovani 2022-2023Parola, pane e poveri: un metodo per un&#8217;esperienza giovanile autenticamente cristiana Anche nel corso di questo anno pastorale, che pone in primissimo piano l&#8217;esperienza della preghiera e della vita spirituale e che ci condurr\u00e0 a Lisbona per incontrare Papa Francesco in occasione della Giornata&#8230; Parola (Catechesi giovani 2022-2023) Parola: per [&hellip;]<\/p>\n","protected":false},"author":0,"featured_media":0,"parent":0,"menu_order":0,"comment_status":"closed","ping_status":"closed","template":"nosidebar.php","meta":{"ip_address":"","user_agent":"","level":"","revision":"","cookie_id":"","page_referer":"","html_form":""},"acf":[],"_links":{"self":[{"href":"https:\/\/www.chiesadimilano.it\/pgfom\/wp-json\/wp\/v2\/pages\/81982"}],"collection":[{"href":"https:\/\/www.chiesadimilano.it\/pgfom\/wp-json\/wp\/v2\/pages"}],"about":[{"href":"https:\/\/www.chiesadimilano.it\/pgfom\/wp-json\/wp\/v2\/types\/page"}],"author":[{"embeddable":true,"href":"https:\/\/www.chiesadimilano.it\/pgfom\/wp-json\/wp\/v2\/users\/4"}],"replies":[{"embeddable":true,"href":"https:\/\/www.chiesadimilano.it\/pgfom\/wp-json\/wp\/v2\/comments?post=81982"}],"version-history":[{"count":3,"href":"https:\/\/www.chiesadimilano.it\/pgfom\/wp-json\/wp\/v2\/pages\/81982\/revisions"}],"predecessor-version":[{"id":83212,"href":"https:\/\/www.chiesadimilano.it\/pgfom\/wp-json\/wp\/v2\/pages\/81982\/revisions\/83212"}],"wp:attachment":[{"href":"https:\/\/www.chiesadimilano.it\/pgfom\/wp-json\/wp\/v2\/media?parent=81982"}],"curies":[{"name":"wp","href":"https:\/\/api.w.org\/{rel}","templated":true}]}}