{"id":44247,"date":"2019-11-06T15:32:55","date_gmt":"2019-11-06T14:32:55","guid":{"rendered":"https:\/\/www.chiesadimilano.it\/pgfom\/?page_id=44247"},"modified":"2021-04-07T12:12:07","modified_gmt":"2021-04-07T10:12:07","slug":"generazione-scintille","status":"publish","type":"page","link":"https:\/\/www.chiesadimilano.it\/pgfom\/generazione-scintille","title":{"rendered":"Generazione scintille"},"content":{"rendered":"<div><div class=\"grid site-section \" ><div class=\"grid-col-8 Apertura-2\" >\n        <article class=\"teaser\" role=\"article\">\n            <a class=\"teaser-image\" href=\"https:\/\/www.chiesadimilano.it\/pgfom\/spazio-aperto\/qui-per-te-sportello-di-ascolto-psico-pedagogico-parrocchiale-65998.html\" title=\"&#8220;Qui per te&#8221;: sportello di ascolto psico-pedagogico parrocchiale\">\n              <img alt=\"QuiPerTe\" src=\"https:\/\/www.chiesadimilano.it\/pgfom\/files\/2021\/04\/QuiPerTe.jpg\"  width=\"800\" height=\"600\"  \/>\n            <\/a><div class=\"teaser-content\">\n        \t<span class=\"teaser-eyelet\">Decanati di Brivio, Missaglia e Merate<\/span>\n            <h1 class=\"teaser-title\"><a href=\"https:\/\/www.chiesadimilano.it\/pgfom\/spazio-aperto\/qui-per-te-sportello-di-ascolto-psico-pedagogico-parrocchiale-65998.html\" title=\"&#8220;Qui per te&#8221;: sportello di ascolto psico-pedagogico parrocchiale\">&#8220;Qui per te&#8221;: sportello di ascolto psico-pedagogico parrocchiale<\/a><\/h1>\n            <p class=\"teaser-summary\">\u00c8 attivo uno spazio di ascolto psico-pedagogico nei Decanati di Brivio, Missaglia e Merate, chiamato \u201cQui per te\u201d: ideato da un gruppo di giovani, cresciuti in oratorio ed ora professionisti, \u00e8 ...<\/p>\n            <\/div>\n        <\/article>\n            <\/div><div class=\"grid-col-4 Apertura_due-1\" >\n        <article class=\"teaser\" role=\"article\">\n            <a class=\"teaser-image\" href=\"https:\/\/www.chiesadimilano.it\/pgfom\/spazio-aperto\/pastorale-samaritana-i-giovani-di-cernusco-sul-naviglio-in-prima-linea-nellaiuto-del-prossimo-65406.html\" title=\"\u201cPastorale Samaritana&#8221;: i giovani di Cernusco sul Naviglio in prima linea nell\u2019aiuto del p...\">\n              <img alt=\"delegati-pastorale-samaritana\" src=\"https:\/\/www.chiesadimilano.it\/pgfom\/files\/2021\/03\/delegati-pastorale-samaritana.png\"  width=\"800\" height=\"600\"  \/>\n            <\/a><div class=\"teaser-content\">\n        \t<span class=\"teaser-eyelet\">Giovani<\/span>\n            <h1 class=\"teaser-title\"><a href=\"https:\/\/www.chiesadimilano.it\/pgfom\/spazio-aperto\/pastorale-samaritana-i-giovani-di-cernusco-sul-naviglio-in-prima-linea-nellaiuto-del-prossimo-65406.html\" title=\"\u201cPastorale Samaritana&#8221;: i giovani di Cernusco sul Naviglio in prima linea nell\u2019aiuto del p...\">\u201cPastorale Samaritana&#8221;: i giovani di Cernusco sul Naviglio in prima linea nell\u2019aiuto del p...<\/a><\/h1>\n            <p class=\"teaser-summary\">\"Pastorale Samaritana\" \u00e8 un'iniziativa nata da un'idea dei giovani della Comunit\u00e0 pastorale di Cernusco sul Naviglio per fornire assistenza alle persone senza fissa dimora.<\/p>\n            <\/div>\n        <\/article>\n            <\/div><\/div><div class=\"grid site-section \" ><div class=\"grid-col-6 PgFom-11\" >\n        <article class=\"teaser\" role=\"article\">\n            <a class=\"teaser-image\" href=\"https:\/\/www.chiesadimilano.it\/pgfom\/giovani\/servizio-giovani\/proposte-di-servizio\/giovaninellacarita-i-giovani-in-prima-linea-nellaiuto-del-prossimo-60298.html\" title=\"#giovaninellacarit\u00e0: i giovani in prima linea nell&#8217;aiuto del prossimo\">\n              <img alt=\"immagine-giovani-nella-cairt\u00e0-sito\" src=\"https:\/\/www.chiesadimilano.it\/pgfom\/files\/2020\/11\/immagine-giovani-nella-cairt\u00e0-sito.jpg\"  width=\"800\" height=\"600\"  \/>\n            <\/a><div class=\"teaser-content\">\n        \t<span class=\"teaser-eyelet\">Emergenza Coronavirus<\/span>\n            <h1 class=\"teaser-title\"><a href=\"https:\/\/www.chiesadimilano.it\/pgfom\/giovani\/servizio-giovani\/proposte-di-servizio\/giovaninellacarita-i-giovani-in-prima-linea-nellaiuto-del-prossimo-60298.html\" title=\"#giovaninellacarit\u00e0: i giovani in prima linea nell&#8217;aiuto del prossimo\">#giovaninellacarit\u00e0: i giovani in prima linea nell&#8217;aiuto del prossimo<\/a><\/h1>\n            <p class=\"teaser-summary\">A seguito dell\u2019appello della Pastorale Giovanile e di Caritas Ambrosiana, rivolto ai giovani delle comunit\u00e0 parrocchiali e realt\u00e0 ecclesiali, di farsi avanti con generosit\u00e0 e porsi al servizio de...<\/p>\n            <\/div>\n        <\/article>\n            \n        <article class=\"teaser\" role=\"article\">\n            <a class=\"teaser-image\" href=\"https:\/\/www.chiesadimilano.it\/pgfom\/giovani\/scintille-nella-notte-buone-notizie-in-giorni-di-deserto-49252.html\" title=\"&#8220;Scintille nella notte: buone notizie in giorni di deserto&#8221;\">\n              <img alt=\"Scintille nella notte\" src=\"https:\/\/www.chiesadimilano.it\/pgfom\/files\/2020\/03\/Scintille-nella-notte.jpg\"  width=\"800\" height=\"600\"  \/>\n            <\/a><div class=\"teaser-content\">\n        \t<span class=\"teaser-eyelet\">Giovani<\/span>\n            <h1 class=\"teaser-title\"><a href=\"https:\/\/www.chiesadimilano.it\/pgfom\/giovani\/scintille-nella-notte-buone-notizie-in-giorni-di-deserto-49252.html\" title=\"&#8220;Scintille nella notte: buone notizie in giorni di deserto&#8221;\">&#8220;Scintille nella notte: buone notizie in giorni di deserto&#8221;<\/a><\/h1>\n            <p class=\"teaser-summary\">Brevi testimonianze\/riflessioni video e scritte di giovani (e non solo) riguardanti la loro vita e la loro fede nella situazione di emergenza che stiamo vivendo: abbiamo infatti bisogno di \"contagiarc...<\/p>\n            <\/div>\n        <\/article>\n            \n        <article class=\"teaser\" role=\"article\">\n            <a class=\"teaser-image\" href=\"https:\/\/www.chiesadimilano.it\/pgfom\/giovani\/generazionescintille-il-viaggio-ad-aleppo-45906.html\" title=\"#GenerazioneScintille: &#8220;Il viaggio ad Aleppo&#8221;\">\n              <img alt=\"#GenerazioneScintille - Clip 04 Il viaggio ad Aleppo\" src=\"https:\/\/www.chiesadimilano.it\/pgfom\/files\/2019\/12\/GenerazioneScintille-Clip-04-Il-viaggio-ad-Aleppo.jpg\"  width=\"800\" height=\"448\"  \/>\n            <\/a><div class=\"teaser-content\">\n        \t<span class=\"teaser-eyelet\">Giovani<\/span>\n            <h1 class=\"teaser-title\"><a href=\"https:\/\/www.chiesadimilano.it\/pgfom\/giovani\/generazionescintille-il-viaggio-ad-aleppo-45906.html\" title=\"#GenerazioneScintille: &#8220;Il viaggio ad Aleppo&#8221;\">#GenerazioneScintille: &#8220;Il viaggio ad Aleppo&#8221;<\/a><\/h1>\n            <p class=\"teaser-summary\">Il racconto in 200 secondi di un Paese martoriato dalla guerra, la Siria, che tuttavia guarda alla vita. L'esperienza di Federico, vissuta quest'estate insieme ad altri giovani, tra i cristiani - e i ...<\/p>\n            <\/div>\n        <\/article>\n            <\/div><div class=\"grid-col-6 PgFom-11\" >\n        <article class=\"teaser\" role=\"article\">\n            <a class=\"teaser-image\" href=\"https:\/\/www.chiesadimilano.it\/pgfom\/giovani\/giovani-creativi-nella-carita-secondo-tempo-59259.html\" title=\"Giovani creativi nella Carit\u00e0 &#8211; &#8220;secondo tempo&#8221;\">\n              <img alt=\"limmagine carit\u00e0\" src=\"https:\/\/www.chiesadimilano.it\/pgfom\/files\/2020\/11\/limmagine-carit\u00e0.jpg\"  width=\"800\" height=\"600\"  \/>\n            <\/a><div class=\"teaser-content\">\n        \t<span class=\"teaser-eyelet\">Emergenza Coronavirus<\/span>\n            <h1 class=\"teaser-title\"><a href=\"https:\/\/www.chiesadimilano.it\/pgfom\/giovani\/giovani-creativi-nella-carita-secondo-tempo-59259.html\" title=\"Giovani creativi nella Carit\u00e0 &#8211; &#8220;secondo tempo&#8221;\">Giovani creativi nella Carit\u00e0 &#8211; &#8220;secondo tempo&#8221;<\/a><\/h1>\n            <p class=\"teaser-summary\">Pastorale Giovanile e Caritas Ambrosiana desiderano rivolgersi nuovamente ai giovani delle nostre comunit\u00e0 parrocchiali e realt\u00e0 ecclesiali con un invito alla collaborazione e al servizio, cos\u00ec da ...<\/p>\n            <\/div>\n        <\/article>\n            \n        <article class=\"teaser\" role=\"article\">\n            <a class=\"teaser-image\" href=\"https:\/\/www.chiesadimilano.it\/pgfom\/giovani\/generazionescintille-la-rosa-dei-20-44861.html\" title=\"#GenerazioneScintille: &#8220;La rosa dei 20&#8221;\">\n              <img alt=\"#GenerazioneScintille - Clip 02 La rosa dei 20\" src=\"https:\/\/www.chiesadimilano.it\/pgfom\/files\/2019\/11\/GenerazioneScintille-Clip-02-La-rosa-dei-20.jpg\"  width=\"915\" height=\"600\"  \/>\n            <\/a><div class=\"teaser-content\">\n        \t<span class=\"teaser-eyelet\">Giovani<\/span>\n            <h1 class=\"teaser-title\"><a href=\"https:\/\/www.chiesadimilano.it\/pgfom\/giovani\/generazionescintille-la-rosa-dei-20-44861.html\" title=\"#GenerazioneScintille: &#8220;La rosa dei 20&#8221;\">#GenerazioneScintille: &#8220;La rosa dei 20&#8221;<\/a><\/h1>\n            <p class=\"teaser-summary\">Il racconto in 100 secondi di Arianna e Massimo, due dei primi cinque partecipanti alla proposta de \"La rosa dei 20\", un'esperienza di vita comune tra giovani promossa dalla Diocesi di Milano. Cosa ha...<\/p>\n            <\/div>\n        <\/article>\n            \n        <article class=\"teaser\" role=\"article\">\n            <a class=\"teaser-image\" href=\"https:\/\/www.chiesadimilano.it\/pgfom\/giovani\/generazionescintille-amazzonia-44676.html\" title=\"#GenerazioneScintille: &#8220;Amazzonia&#8221;\">\n              <img alt=\"#GenerazioneScintille - Clip 01 Amazzonia\" src=\"https:\/\/www.chiesadimilano.it\/pgfom\/files\/2019\/11\/GenerazioneScintille-Clip-01-Amazzonia.jpg\"  width=\"800\" height=\"600\"  \/>\n            <\/a><div class=\"teaser-content\">\n        \t<span class=\"teaser-eyelet\">Giovani<\/span>\n            <h1 class=\"teaser-title\"><a href=\"https:\/\/www.chiesadimilano.it\/pgfom\/giovani\/generazionescintille-amazzonia-44676.html\" title=\"#GenerazioneScintille: &#8220;Amazzonia&#8221;\">#GenerazioneScintille: &#8220;Amazzonia&#8221;<\/a><\/h1>\n            <p class=\"teaser-summary\">Il racconto in 100 secondi di Luca, Marco e Matteo, tre seminaristi che quest'estate sono partiti per una missione nella foresta amazzonica. Attraverso questo breve video offrono tre spunti di rifless...<\/p>\n            <\/div>\n        <\/article>\n            <\/div><\/div><div class=\"grid site-section \" ><div class=\"grid-col-12 PgFom-10\" >        <\/div><\/div><div class=\"grid site-section \" ><div class=\"grid-col-6 teaser-special PgFom-8\" >    <\/div><div class=\"grid-col-6 PgFom-9\" >    <\/div><\/div><\/div>","protected":false},"excerpt":{"rendered":"<p>Decanati di Brivio, Missaglia e Merate &#8220;Qui per te&#8221;: sportello di ascolto psico-pedagogico parrocchiale \u00c8 attivo uno spazio di ascolto psico-pedagogico nei Decanati di Brivio, Missaglia e Merate, chiamato \u201cQui per te\u201d: ideato da un gruppo di giovani, cresciuti in oratorio ed ora professionisti, \u00e8 &#8230; Giovani \u201cPastorale Samaritana&#8221;: i giovani di Cernusco sul Naviglio [&hellip;]<\/p>\n","protected":false},"author":0,"featured_media":0,"parent":0,"menu_order":0,"comment_status":"closed","ping_status":"closed","template":"nosidebar.php","meta":{"ip_address":"","user_agent":"","level":"","revision":"","cookie_id":"","page_referer":"","html_form":""},"acf":[],"_links":{"self":[{"href":"https:\/\/www.chiesadimilano.it\/pgfom\/wp-json\/wp\/v2\/pages\/44247"}],"collection":[{"href":"https:\/\/www.chiesadimilano.it\/pgfom\/wp-json\/wp\/v2\/pages"}],"about":[{"href":"https:\/\/www.chiesadimilano.it\/pgfom\/wp-json\/wp\/v2\/types\/page"}],"author":[{"embeddable":true,"href":"https:\/\/www.chiesadimilano.it\/pgfom\/wp-json\/wp\/v2\/users\/4"}],"replies":[{"embeddable":true,"href":"https:\/\/www.chiesadimilano.it\/pgfom\/wp-json\/wp\/v2\/comments?post=44247"}],"version-history":[{"count":13,"href":"https:\/\/www.chiesadimilano.it\/pgfom\/wp-json\/wp\/v2\/pages\/44247\/revisions"}],"predecessor-version":[{"id":66027,"href":"https:\/\/www.chiesadimilano.it\/pgfom\/wp-json\/wp\/v2\/pages\/44247\/revisions\/66027"}],"wp:attachment":[{"href":"https:\/\/www.chiesadimilano.it\/pgfom\/wp-json\/wp\/v2\/media?parent=44247"}],"curies":[{"name":"wp","href":"https:\/\/api.w.org\/{rel}","templated":true}]}}