{"id":9548,"date":"2025-10-02T12:53:07","date_gmt":"2025-10-02T10:53:07","guid":{"rendered":"https:\/\/www.chiesadimilano.it\/cancelleriaarcivescovile\/?page_id=9548"},"modified":"2025-10-07T14:57:23","modified_gmt":"2025-10-07T12:57:23","slug":"reliquie","status":"publish","type":"page","link":"https:\/\/www.chiesadimilano.it\/cancelleriaarcivescovile\/reliquie","title":{"rendered":"Reliquie"},"content":{"rendered":"<div id=\"pl-9548\"  class=\"panel-layout\" ><div id=\"pg-9548-0\"  class=\"panel-grid panel-no-style\" ><div id=\"pgc-9548-0-0\"  class=\"panel-grid-cell\" ><div class=\"primo-piano panel-cell-style panel-cell-style-for-9548-0-0\" ><div id=\"panel-9548-0-0-0\" class=\"so-panel widget widget_teaser panel-first-child panel-last-child\" data-index=\"0\" ><div\n\t\t\t\n\t\t\tclass=\"so-widget-teaser so-widget-teaser-base\"\n\t\t\t\n\t\t><article class=\"widget-teaser teaser with-eyelet\" role=\"article\" data-hint=\"teaser\"><a class=\"teaser-image\" href=\"https:\/\/www.chiesadimilano.it\/cancelleriaarcivescovile\/reliquie\/richiedere-allarcidiocesi-di-milano-una-reliquia-di-santi-o-beati-9557.html\" title=\"Come richiedere all\u2019Arcidiocesi di Milano una reliquia\"><span class=\"occhiello has-image\" style=\"display:none;position:absolute;bottom:0;left:0;\">Reliquie<\/span> <img data-formato=\"\" alt=\"relic-2719125_960_720\" src=\"https:\/\/www.chiesadimilano.it\/cancelleriaarcivescovile\/wp-content\/uploads\/sites\/20\/2025\/10\/relic-2719125_960_720-768x512.jpg\"  width=\"768\" height=\"512\"  \/><\/a><div class=\"teaser-content   with-eyelet-infoey\"><span class=\"teaser-eyelet\">Reliquie<\/span><h2 class=\"teaser-title\"><a href=\"https:\/\/www.chiesadimilano.it\/cancelleriaarcivescovile\/reliquie\/richiedere-allarcidiocesi-di-milano-una-reliquia-di-santi-o-beati-9557.html\" title=\"Come richiedere all\u2019Arcidiocesi di Milano una reliquia\">Come richiedere all\u2019Arcidiocesi di Milano una reliquia<\/a><\/h2>\n                    <p class=\"teaser-summary\">Per la richiesta \u00e8 necessario inviare una email e seguire le indicazioni fornite.<\/p><\/div><\/article><\/div><\/div><\/div><\/div><\/div><div id=\"pg-9548-1\"  class=\"panel-grid panel-no-style\" ><div id=\"pgc-9548-1-0\"  class=\"panel-grid-cell\" ><div id=\"panel-9548-1-0-0\" class=\"so-panel widget widget_teaser panel-first-child panel-last-child\" data-index=\"1\" ><div\n\t\t\t\n\t\t\tclass=\"so-widget-teaser so-widget-teaser-base\"\n\t\t\t\n\t\t><article class=\"widget-teaser teaser with-eyelet\" role=\"article\" data-hint=\"teaser\"><a class=\"teaser-image\" href=\"https:\/\/www.chiesadimilano.it\/cancelleriaarcivescovile\/reliquie\/to-request-from-the-archdiocese-of-milan-a-relic-9598.html\" title=\"To request from the Archdiocese of Milan a relic\"><span class=\"occhiello has-image\" style=\"display:none;position:absolute;bottom:0;left:0;\">ENGLISH<\/span> <img data-formato=\"\" alt=\"STE_6526-980x551\" src=\"https:\/\/www.chiesadimilano.it\/cancelleriaarcivescovile\/wp-content\/uploads\/sites\/20\/2025\/10\/STE_6526-980x551-2-768x432.jpg\"  width=\"768\" height=\"432\"  \/><\/a><div class=\"teaser-content   with-eyelet-infoey\"><span class=\"teaser-eyelet\">ENGLISH<\/span><h2 class=\"teaser-title\"><a href=\"https:\/\/www.chiesadimilano.it\/cancelleriaarcivescovile\/reliquie\/to-request-from-the-archdiocese-of-milan-a-relic-9598.html\" title=\"To request from the Archdiocese of Milan a relic\">To request from the Archdiocese of Milan a relic<\/a><\/h2>\n                    <p class=\"teaser-summary\">To request from the Archdiocese of Milan a relic of saints or blesseds whose remains, clothing, or other memorabilia are preserved, it is necessary to send an email.<\/p><\/div><\/article><\/div><\/div><\/div><div id=\"pgc-9548-1-1\"  class=\"panel-grid-cell\" ><div id=\"panel-9548-1-1-0\" class=\"so-panel widget widget_teaser panel-first-child panel-last-child\" data-index=\"2\" ><div\n\t\t\t\n\t\t\tclass=\"so-widget-teaser so-widget-teaser-base\"\n\t\t\t\n\t\t><article class=\"widget-teaser teaser with-eyelet\" role=\"article\" data-hint=\"teaser\"><a class=\"teaser-image\" href=\"https:\/\/www.chiesadimilano.it\/cancelleriaarcivescovile\/reliquie\/pour-demander-a-larchidiocese-de-milan-une-relique-9606.html\" title=\"Pour demander \u00e0 l\u2019Archidioc\u00e8se de Milan une relique\"><span class=\"occhiello has-image\" style=\"display:none;position:absolute;bottom:0;left:0;\">Fran\u00e7ais<\/span> <img data-formato=\"\" alt=\"john-paul-ii-2127848_960_720\" src=\"https:\/\/www.chiesadimilano.it\/cancelleriaarcivescovile\/wp-content\/uploads\/sites\/20\/2025\/10\/john-paul-ii-2127848_960_720-768x512.jpg\"  width=\"768\" height=\"512\"  \/><\/a><div class=\"teaser-content   with-eyelet-infoey\"><span class=\"teaser-eyelet\">Fran\u00e7ais<\/span><h2 class=\"teaser-title\"><a href=\"https:\/\/www.chiesadimilano.it\/cancelleriaarcivescovile\/reliquie\/pour-demander-a-larchidiocese-de-milan-une-relique-9606.html\" title=\"Pour demander \u00e0 l\u2019Archidioc\u00e8se de Milan une relique\">Pour demander \u00e0 l\u2019Archidioc\u00e8se de Milan une relique<\/a><\/h2>\n                    <p class=\"teaser-summary\">Pour demander \u00e0 l\u2019Archidioc\u00e8se de Milan une relique de saints ou de bienheureux dont on conserve les restes, les v\u00eatements ou d\u2019autres objets, il est n\u00e9cessaire d\u2019envoyer un e-mail.<\/p><\/div><\/article><\/div><\/div><\/div><\/div><div id=\"pg-9548-2\"  class=\"panel-grid panel-no-style\" ><div id=\"pgc-9548-2-0\"  class=\"panel-grid-cell\" ><div id=\"panel-9548-2-0-0\" class=\"so-panel widget widget_teaser panel-first-child panel-last-child\" data-index=\"3\" ><div\n\t\t\t\n\t\t\tclass=\"so-widget-teaser so-widget-teaser-base\"\n\t\t\t\n\t\t><article class=\"widget-teaser teaser with-eyelet\" role=\"article\" data-hint=\"teaser\"><a class=\"teaser-image\" href=\"https:\/\/www.chiesadimilano.it\/cancelleriaarcivescovile\/reliquie\/para-solicitar-a-arquidiocese-de-milao-uma-reliquia-9609.html\" title=\"Para solicitar \u00e0 Arquidiocese de Mil\u00e3o uma rel\u00edquia\"><span class=\"occhiello has-image\" style=\"display:none;position:absolute;bottom:0;left:0;\">Portugu\u00eas<\/span> <img data-formato=\"\" alt=\"Staffetta-di-preghiera-con-Reliquie-Carlo-Acutis\" src=\"https:\/\/www.chiesadimilano.it\/cancelleriaarcivescovile\/wp-content\/uploads\/sites\/20\/2025\/10\/Staffetta-di-preghiera-con-Reliquie-Carlo-Acutis-768x432.jpeg\"  width=\"768\" height=\"432\"  \/><\/a><div class=\"teaser-content   with-eyelet-infoey\"><span class=\"teaser-eyelet\">Portugu\u00eas<\/span><h2 class=\"teaser-title\"><a href=\"https:\/\/www.chiesadimilano.it\/cancelleriaarcivescovile\/reliquie\/para-solicitar-a-arquidiocese-de-milao-uma-reliquia-9609.html\" title=\"Para solicitar \u00e0 Arquidiocese de Mil\u00e3o uma rel\u00edquia\">Para solicitar \u00e0 Arquidiocese de Mil\u00e3o uma rel\u00edquia<\/a><\/h2>\n                    <p class=\"teaser-summary\">Para solicitar as rel\u00edquias dos santos ou beatos na Arquidiocese de Mil\u00e3o, seja qual for parte do corpo, veste ou outros objetos dos mesmos, \u00e9 necess\u00e1rio enviar um e-mail <\/p><\/div><\/article><\/div><\/div><\/div><div id=\"pgc-9548-2-1\"  class=\"panel-grid-cell\" ><div id=\"panel-9548-2-1-0\" class=\"so-panel widget widget_teaser panel-first-child panel-last-child\" data-index=\"4\" ><div\n\t\t\t\n\t\t\tclass=\"so-widget-teaser so-widget-teaser-base\"\n\t\t\t\n\t\t><article class=\"widget-teaser teaser with-eyelet\" role=\"article\" data-hint=\"teaser\"><a class=\"teaser-image\" href=\"https:\/\/www.chiesadimilano.it\/cancelleriaarcivescovile\/reliquie\/para-solicitar-a-la-archidiocesis-de-milan-una-reliquia-9603.html\" title=\"Para solicitar a la Archidi\u00f3cesis de Mil\u00e1n una reliquia\"><span class=\"occhiello has-image\" style=\"display:none;position:absolute;bottom:0;left:0;\">Espa\u00f1ol<\/span> <img data-formato=\"\" alt=\"reliquia\" src=\"https:\/\/www.chiesadimilano.it\/cancelleriaarcivescovile\/wp-content\/uploads\/sites\/20\/2025\/10\/reliquia-768x512.jpg\"  width=\"768\" height=\"512\"  \/><\/a><div class=\"teaser-content   with-eyelet-infoey\"><span class=\"teaser-eyelet\">Espa\u00f1ol<\/span><h2 class=\"teaser-title\"><a href=\"https:\/\/www.chiesadimilano.it\/cancelleriaarcivescovile\/reliquie\/para-solicitar-a-la-archidiocesis-de-milan-una-reliquia-9603.html\" title=\"Para solicitar a la Archidi\u00f3cesis de Mil\u00e1n una reliquia\">Para solicitar a la Archidi\u00f3cesis de Mil\u00e1n una reliquia<\/a><\/h2>\n                    <p class=\"teaser-summary\">Para solicitar a la Archidi\u00f3cesis de Mil\u00e1n una reliquia de santos o beatos cuyos restos, vestiduras u otros recuerdos se conservan, es necesario enviar un correo electr\u00f3nico.<\/p><\/div><\/article><\/div><\/div><\/div><\/div><div id=\"pg-9548-3\"  class=\"panel-grid panel-no-style\" ><div id=\"pgc-9548-3-0\"  class=\"panel-grid-cell panel-grid-cell-empty\" ><\/div><div id=\"pgc-9548-3-1\"  class=\"panel-grid-cell panel-grid-cell-empty panel-grid-cell-mobile-last\" ><\/div><div id=\"pgc-9548-3-2\"  class=\"panel-grid-cell panel-grid-cell-empty\" ><\/div><\/div><div id=\"pg-9548-4\"  class=\"panel-grid panel-no-style\" ><div id=\"pgc-9548-4-0\"  class=\"panel-grid-cell\" ><div id=\"panel-9548-4-0-0\" class=\"so-panel widget widget_banner panel-first-child panel-last-child\" data-index=\"5\" ><div\n\t\t\t\n\t\t\tclass=\"so-widget-banner so-widget-banner-base\"\n\t\t\t\n\t\t><h3 class=\"widget-title\">\n<article class=\"teaser teaser-shoulder teaser-list   \" role=\"article\"><div class=\"teaser-content\">\n    <h3 class=\"banner-title\"><a href=\"\" title=\" \"> <\/a><\/h3>\n    <div class=\"banner-summary\"><\/div><\/div>\n<\/article><\/h3><\/div><\/div><\/div><\/div><div id=\"pg-9548-5\"  class=\"panel-grid panel-has-style\" ><div class=\"orizzontale ratio16-9 panel-row-style panel-row-style-for-9548-5\" ><div id=\"pgc-9548-5-0\"  class=\"panel-grid-cell panel-grid-cell-empty\" ><\/div><\/div><\/div><div id=\"pg-9548-6\"  class=\"panel-grid panel-no-style\" ><div id=\"pgc-9548-6-0\"  class=\"panel-grid-cell panel-grid-cell-empty\" ><\/div><div id=\"pgc-9548-6-1\"  class=\"panel-grid-cell panel-grid-cell-empty\" ><\/div><div id=\"pgc-9548-6-2\"  class=\"panel-grid-cell panel-grid-cell-empty panel-grid-cell-mobile-last\" ><\/div><div id=\"pgc-9548-6-3\"  class=\"panel-grid-cell panel-grid-cell-empty\" ><\/div><\/div><\/div>","protected":false},"excerpt":{"rendered":"Reliquie ReliquieCome richiedere all\u2019Arcidiocesi di Milano una reliquia Per la richiesta \u00e8 necessario inviare una email e seguire le indicazioni fornite.ENGLISH ENGLISHTo request from the Archdiocese of Milan a relic To request from the Archdiocese of Milan a relic of saints or blesseds whose remains, clothing, or other memorabilia are preserved, it is necessary to [&hellip;]","protected":false},"author":0,"featured_media":0,"parent":0,"menu_order":0,"comment_status":"closed","ping_status":"closed","template":"","meta":{"ip_address":"","user_agent":"","level":"","revision":"","cookie_id":"","page_referer":"","html_form":""},"acf":[],"_links":{"self":[{"href":"https:\/\/www.chiesadimilano.it\/cancelleriaarcivescovile\/wp-json\/wp\/v2\/pages\/9548"}],"collection":[{"href":"https:\/\/www.chiesadimilano.it\/cancelleriaarcivescovile\/wp-json\/wp\/v2\/pages"}],"about":[{"href":"https:\/\/www.chiesadimilano.it\/cancelleriaarcivescovile\/wp-json\/wp\/v2\/types\/page"}],"author":[{"embeddable":true,"href":"https:\/\/www.chiesadimilano.it\/cancelleriaarcivescovile\/wp-json\/wp\/v2\/users\/2"}],"replies":[{"embeddable":true,"href":"https:\/\/www.chiesadimilano.it\/cancelleriaarcivescovile\/wp-json\/wp\/v2\/comments?post=9548"}],"version-history":[{"count":2,"href":"https:\/\/www.chiesadimilano.it\/cancelleriaarcivescovile\/wp-json\/wp\/v2\/pages\/9548\/revisions"}],"predecessor-version":[{"id":9566,"href":"https:\/\/www.chiesadimilano.it\/cancelleriaarcivescovile\/wp-json\/wp\/v2\/pages\/9548\/revisions\/9566"}],"wp:attachment":[{"href":"https:\/\/www.chiesadimilano.it\/cancelleriaarcivescovile\/wp-json\/wp\/v2\/media?parent=9548"}],"curies":[{"name":"wp","href":"https:\/\/api.w.org\/{rel}","templated":true}]}}